
-31
Let m(q) = 38*q + 2223. Let n be m(-59). Let f(t) = -9*t - 169. Determine f(n).
2
Let p(f) = f - 8. Suppose 4*a = -50 + 18. Let r(g) = -g - 4. Let t be r(a). Determine p(t).
-4
Suppose 4*r - 5*r = 0. Let j(h) = -94 + 2*h - 85 + 271 + 3*h - 89 - 6*h. Give j(r).
3
Let v(j) = -j**2 + 18*j - 60. Let t be (-1*(2 - 3))/(1/4). Let d be v(t). Let h(a) = -a**2 - 2*a - 5. Calculate h(d).
-13
Let i = 2984 - 2984. Let k(c) be the third derivative of -27*c**2 + 1/6*c**3 + 0*c + i + 1/12*c**4. Calculate k(-1).
-1
Let d(o) = -o**2 + 38*o - 301. Suppose -502 - 195 = -55*y + 788. Calculate d(y).
-4
Let t(j) be the third derivative of 5/24*j**4 + 2*j**2 + 0 + 0*j + 1/60*j**5 - 1/3*j**3. Suppose -160*a = -167*a - 35. What is t(a)?
-2
Let w(z) = 26*z - 90. Let h(f) = -81*f + 275. Let c(s) = -6*h(s) - 19*w(s). Give c(6).
12
Let i(r) = -13*r**2 - 3*r + 8. Let o(k) = -7*k**2 - k + 4. Let h(m) = -6*i(m) + 11*o(m). Let n = -73 - -92. Suppose 91 = -9*w + n. Give h(w).
4
Let b(z) be the second derivative of -5*z**3/2 - 21*z**2 + z. Let a(g) = -6*g - 17. Let x(i) = -12*a(i) + 5*b(i). Determine x(-5).
9
Let t = -22 + 27. Let r(k) = 7*k + 0*k + 2*k + 1 - t*k. Let x(j) = 3*j - 59. Let l be x(20). What is r(l)?
5
Let i(v) = -3 - 1 - 1 - v. Let w be (6 + -2)*75/(-60). Let q be (-4)/(-12)*(-6 - w)*9. Calculate i(q).
-2
Let j(c) = -2*c + 8. Let t = 3 + -1. Suppose 2*g + t*g + 5*l = 0, 0 = -3*g + l. Let d be g + -2 + 3 + 5. Determine j(d).
-4
Suppose -781*k = -695*k - 516. Let m(i) = -55*i + 330. Calculate m(k).
0
Suppose -3*h + h + 4 = 2*w, 2*h = 2*w + 8. Let f be (5 + 3)/2 + w. Let q(m) = -7 + f*m - 5*m + 4 + 3*m. Calculate q(0).
-3
Let h(v) be the third derivative of -v**4/6 + v**3/3 - 5*v**2. Suppose 72*f - 16 = 70*f - 2*i, -5*f = 2*i - 25. Calculate h(f).
-10
Let d(k) be the first derivative of k**2 + 12*k + 1. Suppose -4*q + 0 = -20, -q = -3*p - 35. What is d(p)?
-8
Let p(s) = s + 1. Let g(y) = 17*y**2 + 2*y**2 + 4 - 1 - 2. Let l be g(1). Let x = -17 + l. Give p(x).
4
Let x(d) = -5*d + 7. Let z(r) be the second derivative of -7*r**3/6 + 9*r**2/2 + 10*r - 5. Let n(p) = 6*x(p) - 5*z(p). What is n(3)?
12
Let a(g) = g**2 + 33*g - 72. Suppose -3*q - 129 = 4*v, -160*v = -164*v - 24. Give a(q).
-2
Suppose 20*q = -0*q + 100. Let y be (16/(-12))/((40/36)/q). Let j(m) = -m**2 - 4*m - 7. Determine j(y).
-19
Let k(t) = -3*t**2 + 15*t + 5. Let j be 6/(-8)*12/(-3) + 1200/240. Give k(j).
-67
Let l(x) = 9475 - 1128*x**2 - 9467 - x + 1129*x**2 - x**3. Suppose 13*g = 10*g + 12. Suppose 3*k = 3, g*k = -2*z - 0*k + 4. Calculate l(z).
8
Let n(j) = -j**3 - j**2 + 4*j - 4. Let f be n(2). Let u(h) be the first derivative of 1/4*h**4 + h**2 + 8/3*h**3 + 12 + 12*h. Give u(f).
-4
Suppose 23 = 2*o + 5*z - 0*z, 0 = o + 4*z - 19. Let m(p) = -7*p - 1. Let a(l) = -3 + 1 + 1 - 8*l. Let b(u) = 2*a(u) - 3*m(u). Determine b(o).
-4
Let s(h) = h + 10. Let u be (-19)/((-266)/(-140)) - -1. Give s(u).
1
Let c(o) = 93*o + 316. Let a(w) = 85*w + 313. Let k(m) = -7*a(m) + 6*c(m). Give k(-8).
1
Let v(j) be the second derivative of j**4/12 - 17*j + 2. Let c = 3 - -5. Suppose 0 = 4*x - c, 0 = 2*t - t - 5*x + 9. Calculate v(t).
1
Let x(c) be the third derivative of -c**5/60 + 7*c**4/24 + 23*c**3/6 - 3148*c**2. Determine x(9).
5
Suppose x + 4*v + 0*v - 16 = 0, -2*x - 5*v = -44. Let t(z) = 3*z - 82. Give t(x).
14
Let a(k) = -4*k + 10. Suppose 4*c - 2*c + 12 = 0. Let l be a(c). Let g(u) = -1 + 1 + 3*u + 3 + l*u**2 - 32*u**2. Give g(-2).
5
Let l(o) = 2*o**2 + o. Let c be l(-1). Let a be 5*c + (1 - 0). Let n(q) be the first derivative of -q**3/3 + 7*q**2/2 - 8*q - 52912. Calculate n(a).
-2
Let m(c) = -58*c**2 - 212*c + 60. Let y(p) = 34*p**2 + 127*p - 36. Let o(a) = 10*m(a) + 17*y(a). Calculate o(19).
7
Let a(z) = -z**2 + 77*z + 1282. Let i be a(-14). Let t(k) be the second derivative of 4/3*k**3 + 0*k**2 - 1/20*k**5 + 0 - 5/12*k**4 - i*k. What is t(-6)?
-12
Let m(t) = 126*t + 8415. Let g(h) = -5*h - 340. Let z(v) = 99*g(v) + 4*m(v). Determine z(10).
90
Suppose -23 = 3*j + 4*f, 0 = 3*j - 5*f + 23 - 18. Let b(w) = 4*w**2 - 5*w**2 - 7*w - 2 - 5. Calculate b(j).
3
Suppose 0 = 10*n - 6*n + 32. Let x(y) = 3*y**2 + 14*y - 8. Let t(l) = 2*l**2 + 9*l - 5. Let c(a) = n*t(a) + 5*x(a). Give c(-2).
0
Let m(j) = -16*j + 5*j - 36*j. Let v = 17365 + -17364. Calculate m(v).
-47
Let c = -435 + 437. Let x(a) be the first derivative of -1/3*a**3 + 1/2*a**2 + c + 4*a. Give x(3).
-2
Let b(o) be the first derivative of o**6/180 - o**5/30 + 4*o**3/3 + 3. Let w(f) be the third derivative of b(f). Let c = 1131 + -1128. Calculate w(c).
6
Let k(s) = 3*s**3 + s**2 - 2*s + 1. Let x(r) = -r**3 - r**2 - r. Let g(d) = k(d) + 2*x(d). Let q be g(0). Let u(c) = 13*c**2 - c**2 - 2*c**2. Give u(q).
10
Let r(x) = -x - 2471993*x**2 + 0*x - 36 + 27 + 2471994*x**2. Let c be (0 + 0)*1/(-2). Let u be (-1)/2*c - 0. Determine r(u).
-9
Suppose -265*q - 45 + 861 = 143*q. Let w(n) be the second derivative of 7*n - 1/6*n**3 + 2*n**q + 0. What is w(4)?
0
Suppose 7*f - 693 = -672. Let u(r) = f - r - 11 - 2 - 8 + 4. Give u(-8).
-6
Let h(a) = 19*a + 23. Let b be (2*(-2)/(-28))/((-32)/224). Give h(b).
4
Suppose -r - 10 = 3*y, 0*y + 4*r - 12 = y. Let n(z) = 13*z - 50. Let o be n(4). Let g(q) = 4 - 5*q**2 + 4*q**o + 2*q**2 + 2*q. Determine g(y).
12
Let l(y) = -4*y**2 - 13*y**2 + 2*y + 1 + 21*y**2. Suppose 3*o + 13 = -g, 22*o - 12 = 25*o. Give l(g).
3
Let x = 26 + -22. Let k(o) = -x + 3 + 5*o**3 + 5*o**2 - 4*o**3 - o. Give k(-5).
4
Let l(o) = 3*o - 7. Let m be (-198)/(-24) - (-8)/((-128)/20). Let w(c) = 3*c**3 - 24*c**2 + 19*c + 21. Let b be w(m). Determine l(b).
14
Let r(s) be the third derivative of -s**6/60 + s**5/10 + 7*s**4/24 - 5*s**3/3 - 1841*s**2. Give r(4).
-14
Let c be 7/(-105)*5*-3. Suppose 5*d - 15 = 0, 4*z - 5*z - c = 2*d. Let q(i) = i + 12. Determine q(z).
5
Suppose 4*w - 27 = -3*b, -b + 7 = 3*w - 2. Let p(f) = -f**2 + 8*f - 8. What is p(b)?
-17
Suppose 15*p = 20*p - 5. Let t(y) = 2*y**3 + 5*y**2 - y + 1. Let g(n) = n - 41*n**2 + 41*n**2 - 2*n**3 + 3*n**3. Let f(b) = p*t(b) - 3*g(b). What is f(4)?
1
Let y(l) be the third derivative of -l**5/20 - l**4/12 - 4*l**3/3 - 3*l**2 - 2*l - 1. Calculate y(-4).
-48
Suppose 41*l - 36*l + 605 = 0. Let t be 22/l - ((-42)/(-11) - -1). Let q(o) = -o**3 - 6*o**2 - 5*o + 4. Determine q(t).
4
Suppose -17*f - 72 = 115. Let m(k) = k**2 + 9*k + 15. What is m(f)?
37
Suppose 95*o + 504 = -636. Let g(v) = -19*v - 223. Determine g(o).
5
Let j = -143 - 661. Let f = 806 + j. Let x(g) = g**3 + 4*g - 3. Calculate x(f).
13
Let c(v) = -v**2 + v + 2. Suppose -3*p + 23 = 5*k, -4*p = -3*k - 23 + 2. Suppose 0 = -14*f + 11*f + p. Give c(f).
0
Suppose 2*o = -3*a - 0*a - 3, 0 = -o - 4*a - 9. Suppose -o = n - 2*u, 3*n + 5*u = -28 - 3. Let c(f) = f**3 + 9*f**2 + 12*f - 13. Determine c(n).
1
Suppose 5*c = 2*q + 16, 4*c + 0*c - 20 = 4*q. Let i(r) = -10 + 4 - 6*r + c*r + r. Let y = -752 + 748. Calculate i(y).
6
Let i be 21/(3/(-1) - 21/(-14)). Let g be i/(-2) - (28 + -20). Let n(p) = 7*p - 2. Determine n(g).
-9
Suppose -y - 10 = y. Let u = -560 + 558. Let x(o) = -3*o**3 - 5*o**2 + 16*o + 1. Let v(r) = -r**3 - 2*r**2 + 5*r. Let z(f) = u*x(f) + 7*v(f). Give z(y).
8
Let k be 7/((-49)/4) - (-11052)/(-63). Let y = k + 170. Let i(t) = -2*t - 6. Determine i(y).
6
Let v(y) = -19*y + 94. Let a = -1975 - -1980. Calculate v(a).
-1
Let j be (-15)/3 + 28/4 - -3. Let s be j - 12 - (-3 + -2). Let r(h) be the third derivative of h**4/12 + h**3/6 - 2*h**2. Give r(s).
-3
Let c(s) = 9*s + 308. Let d(x) = -8*x - 253. Let n(f) = 4*c(f) + 5*d(f). Give n(-8).
-1
Suppose -1009*o + y + 57 = -1017*o, 3*y - 13 = -o. Let a(x) = 0*x + x - 4 + 10. What is a(o)?
-2
Suppose 105*w + 26 = 118*w. Let v(n) = -n**2 + 22*n - 26. Let u(j) = 5*j**2 - 111*j + 132. Let s(x) = w*u(x) + 11*v(x). What is s(19)?
-3
Suppose 21*n - 185 - 130 = 0. Let p(x) = -x**3 + 14*x**2 + 19*x - 61. What is p(n)?
-1
Let u(q) be the second derivative of 55*q**4/12 - q**3/3 + 3*q**2/2 + 10522*q. Calculate u(1).
56
Suppose 147*n = 102*n + 161 + 64. Let g(z) = z**3 - 2*z**2 - 8*z - 7. Determine g(n).
28
Let j = -26 + 27. Suppose j = -2*u - 21. Let l(r) = 3*r**2 + 8*r - 1. Let g(c) = c**2 + 3*c. Let s(z) = u*g(z) + 4*l(z). Determine s(4).
8
Let b(l) be the second derivative of 1/20*l**5 + 2*l**3 + 0 + 5/6*l**4 + 13/